 20 and w?
20
Let o = 190 - -181. What is the greatest common divisor of 53 and o?
53
Let y(f) = f**2 + 10*f - 151. Let p be y(-20). What is the greatest common divisor of p and 7?
7
Suppose -38*j = -36*j - 6. Suppose -2*i + 132 = -i + 3*d, -386 = -j*i - 4*d. What is the highest common divisor of i and 42?
42
Suppose -2 - 8 = -2*y + 2*p, -2*p = 3*y. Suppose -y*k = -3 + 1. Let q = k + 4. What is the greatest common divisor of q and 55?
5
Let v = 58 - -45. Calculate the highest common divisor of 2472 and v.
103
Suppose -31 = -3*c - 7. Let j be (-22)/(-3) - 10/(-15). What is the greatest common factor of j and c?
8
Let h = -13 - -77. Suppose 0 = -2*g, 0 = -2*r + 4*r + 2*g - 32. Calculate the greatest common divisor of h and r.
16
Let x = -20 + 26. Calculate the greatest common divisor of 21 and x.
3
Suppose -2*j = 4*p - 361 - 649, -3*j = 4*p - 1517. What is the greatest common divisor of j and 3?
3
Suppose -4*b - 3*k - 1653 = 0, -3*b - 4*k - 1584 = -339. Let o be (-2)/5 - b/15. Suppose -5*j + 47 = 2. Calculate the greatest common divisor of j and o.
9
Let u(c) = -11*c - 22. Let s be u(-9). Suppose 5 = 2*z - m - 25, 2*z - 14 = -3*m. Let y = 24 - z. Calculate the highest common divisor of s and y.
11
Let v = -46 + 44. Let p be 114 + -14 - (-1)/(v/2). Calculate the highest common factor of p and 9.
9
Let c be (-3 - -4)/(3/(-24)). Let l = 30 + c. Suppose 0*p = p - l. Calculate the highest common factor of 110 and p.
22
Let q(a) = -a**3 - 46*a**2 + 90*a - 260. Let z be q(-48). What is the greatest common factor of 8 and z?
4
Let v be (-2 + -6)*(-10)/4. Let s = -57 - -59. Suppose 3*k - 150 = -3*c, s*k - 100 = -5*c - 0*c. Calculate the greatest common divisor of v and k.
10
Let f be -1*(-1)/(-2)*-6. Suppose -f*g = -12 - 3. What is the greatest common divisor of g and 10?
5
Let s(h) = 3*h**2 - 9*h - 22. Let b(k) = k**2. Let m(a) = 4*b(a) - s(a). Let p be m(-9). Let l = 171 - 116. Calculate the highest common divisor of l and p.
11
Let a = -2438 - -2642. Calculate the greatest common factor of 340 and a.
68
Suppose -4*d = 20 - 84. Suppose 0*g = g - 96. Suppose l - g = -l. What is the highest common factor of l and d?
16
Let v = 165 - 73. Suppose 0 = -4*u + w + 68 + v, 2*w + 86 = 2*u. Calculate the highest common divisor of u and 351.
39
Suppose -22*i + 21*i + 17 = 0. Let u(k) = 78*k. Let w be u(1). Suppose 2*f - w = 296. Calculate the highest common divisor of f and i.
17
Suppose 8*l - 3*l = 110. Suppose -23*j = -l*j - 60. What is the greatest common divisor of j and 12?
12
Let y(m) = 5*m + 1. Let o be (0/(-3) - -2)/2. Let d be y(o). Suppose 3*i = -449 + 467. What is the highest common divisor of i and d?
6
Suppose f = -3*m + 11, 2*m + 16 = -5*f + 45. Let c = 6304 + -6214. What is the greatest common divisor of c and f?
5
Let b = 3 + 617. Suppose 13*z - 9*z = b. What is the highest common divisor of 31 and z?
31
Suppose 2*t + 242 = -2*j, -3*j = 2*j + 3*t + 615. Let y be (j/15)/((-4)/20). Calculate the highest common divisor of y and 28.
14
Let r = -580 + 628. Suppose 4*b + 8 = 0, 2*o = -o + 5*b + 370. Calculate the greatest common factor of o and r.
24
Let n = -52 + 16. Let c be ((-4)/6)/(3/n). Let a be (c/(-5))/(2/(-60)). What is the greatest common divisor of a and 32?
16
Let p(s) = 4*s**2 + 2*s + 14. Let j be p(5). Suppose 0 = -3*d + 5*w + 219, -d - d - 4*w = -j. Calculate the highest common factor of d and 17.
17
Let s(x) = 4*x**2 + 11*x - 34. Let f be s(3). Calculate the highest common divisor of 7 and f.
7
Let s = 14 + -10. Suppose 0 = s*n - 0*n - 192. Calculate the highest common factor of 6 and n.
6
Let c = 162 + -163. Let h be (15*-2)/c*3/9. What is the highest common divisor of h and 15?
5
Suppose 2*b - 2*g + 44 = 0, 83 = b - 5*b + 3*g. Let h = -11 - b. Calculate the greatest common factor of 30 and h.
6
Let x = 183 + -173. Suppose -5*z + 23 = -2. Calculate the greatest common factor of z and x.
5
Let g = -93 + 183. Suppose -6*b + g = -b. What is the greatest common divisor of 2 and b?
2
Let u be 2/1*(-12)/(-24). Let t be 1/((-3)/(-104)) + u/3. Calculate the highest common divisor of t and 15.
5
Suppose 5*x + 5*l - 30 = 10, 0 = -4*x + 2*l + 2. Let w = -14 + 38. Let d be (-18)/((-9)/w*2). What is the highest common divisor of x and d?
3
Suppose -2*g + 47 + 23 = 2*k, -4*g = 12. Suppose -9*j - 3648 = -21*j. Calculate the greatest common factor of k and j.
38
Let c be (-2)/(-5) + (-13)/(-5). Suppose -3*z = 5*f - 324, -f = -c*z - 14 - 58. Suppose -43 - 1 = -t. Calculate the greatest common divisor of f and t.
22
Suppose -20*p + 23*p = 228. Let u = 100 - p. What is the highest common factor of 132 and u?
12
Let h = -5 - -24. Let m(r) = -r**2 + 36*r + 171. Let n be m(0). Calculate the highest common factor of n and h.
19
Let k(l) = 4*l**2 + 5*l - 12. Let f be k(-5). Let v be (1 + -1)/((-2)/(-1)). Suppose -j + 2*j - 9 = v. Calculate the highest common factor of j and f.
9
Let z(w) = 3*w**3 + 45*w**2 - w - 13. Let x be z(-15). Suppose 5*r = 5*p + 10, -5*p + 6 = r + 2*r. Calculate the greatest common divisor of r and x.
2
Let y = -844 + 1420. Calculate the highest common divisor of y and 9.
9
Let b(g) = -61*g - 1. Let w be b(-1). Suppose -r + 11 = -2*t - t, 5*t = -15. Let l = 10 + r. What is the highest common factor of w and l?
12
Suppose 4*s = -4*u + 5*s + 1057, 3*s + 3 = 0. Let m = 1423 - 1399. Calculate the highest common factor of m and u.
24
Let s be (-116)/(-638) + -1 + (-174)/(-11). Calculate the highest common factor of 195 and s.
15
Let k = 69 + -60. What is the greatest common factor of k and 261?
9
Let i be (8 + -9)/(2/(-70)*1). Calculate the highest common factor of 21 and i.
7
Let m be 1380/33 + (-124)/(-682). What is the highest common factor of 1554 and m?
42
Let k = -1066 + 1114. What is the highest common divisor of k and 272?
16
Let g(h) be the second derivative of 7*h**5/4 - h**3/3 + h**2 + 13*h. Let l be g(1). Let w = l + -24. Calculate the highest common factor of 11 and w.
11
Suppose 87 - 317 = -5*a. Let b = a + -32. Let q be (-504)/6*(3 + (-45)/10). What is the greatest common factor of b and q?
14
Let k(h) = 17*h - 6. Let p be k(4). Suppose -22 = 2*f - p. Let i = 15 - 10. Calculate the greatest common factor of i and f.
5
Let h = -33 + 35. Let m be 8/3*3/h. Let k be (-20)/(2*(-3 - -2)). Calculate the highest common divisor of m and k.
2
Suppose -5*z = -3*s - 163, 2*z - 12*s = -13*s + 63. Suppose 2*d - 6 = -d. Suppose r = -d*r + 12. What is the greatest common factor of r and z?
4
Let z(y) = 5*y**2 + 2*y + 1. Let t be z(5). Let b = 402 + -385. Calculate the greatest common divisor of b and t.
17
Let p be 4*(-4)/24*-3. Let u = -502 + 504. Calculate the greatest common divisor of u and p.
2
Let s(h) = 93*h**2 - 4*h + 1. Let i be s(1). Calculate the greatest common factor of 30 and i.
30
Let o(x) = 3*x + 21. Suppose -4*k - 3*s - 31 = 0, -4*k - s = s + 30. Let l be o(k). Suppose 5*q + l*q = 25. Calculate the highest common divisor of 1 and q.
1
Let x be (21 + (6 - (-4 - -8)))*9. What is the highest common factor of 46 and x?
23
Let p(n) = 677*n**2 + 51*n - 52. Let x be p(1). What is the highest common factor of x and 260?
52
Suppose 0 = 7*s - 104 - 239. Let l = 55 - s. Let w be (4/(-8))/(1/(-18)). What is the greatest common factor of l and w?
3
Let v(n) = n**3 + 3*n**2 - 3*n + 3. Let f be v(-3). Suppose -3*w = -427 + 12 + 19. What is the greatest common factor of w and f?
12
Let m be (-123)/(-164)*(-648)/(-2). Calculate the greatest common divisor of 567 and m.
81
Let h(a) = a**2 - 5*a - 4. Let x = 10 - 4. Let y be h(x). Suppose -2*k + 55 = 3*v + 3*k, -v + y*k = 0. Calculate the highest common factor of 70 and v.
10
Let d(u) = -3*u - 4. Let n be d(-5). Let x(r) = 9*r**2 - 2*r - 3. Let p be x(-1). Suppose -p = -f + n. What is the highest common factor of f and 152?
19
Let u(n) = -n + 10. Let o be u(5). Suppose -o*h = i - 5*i + 53, -6 = -2*h. Suppose 231 + 279 = 6*d. What is the greatest common divisor of d and i?
17
Let b be (0 - -3912)*-7*(-4)/56. What is the highest common factor of b and 12?
12
Suppose 4*j = 2*l + 149 - 47, 4*j - 87 = -l. What is the highest common divisor of j and 1?
1
Let r = 63 - 52. Let x(c) = c**3 - 11*c**2 + 3*c - 7. Let q be x(r). What is the highest common divisor of 182 and q?
26
Suppose -2*b + k + 596